
4
Let l(q) = 2*q**3 + 4*q**2 + 2*q - 1. Let i be 168/27 + 2/(-9). Let s = i - 8. Give l(s).
-5
Let y(w) be the second derivative of w**3/6 + w**2/2 + 7*w. Let b be 57/11 - (-12)/(-66). Calculate y(b).
6
Let d = -14 + 10. Let u(b) be the first derivative of 5*b**2/2 + 4*b + 46. What is u(d)?
-16
Let f(x) = -3*x - 2*x**2 + 4*x + x - 1. Let j(u) = u + 2. Let g be j(0). Calculate f(g).
-5
Let l(g) = -7*g - 1. Suppose 5 = -3*r + 2. Determine l(r).
6
Let x(g) be the second derivative of g**5/20 + g**4/6 - g**3/3 - g**2 - 5*g. Let h = 1 - -4. Suppose 4*o - h*k = -0*o + 2, -5*o + 4*k = 2. Give x(o).
2
Let f(n) = -n**3 - 2*n**2 + 5*n + 3. Let c(q) = 2*q**2 + q + 1. Let x be c(-1). Let t be -2 - x*(-3)/6. Let z be -3 - ((-3)/3 - t). What is f(z)?
-3
Let b(l) = 3*l + 4. Suppose 3*a + 3*t - 15 = 0, -a + 7 + 1 = 2*t. Let k = -2 - a. Determine b(k).
-8
Let i(m) = 6*m**3 - 3*m**2 - 2*m + 4. Let d(o) = -5*o**3 + 2*o**2 + o - 3. Let h(p) = 5*d(p) + 4*i(p). Determine h(-3).
19
Let t(i) = 3*i + 6. Suppose -5*c + 4 = -61. Suppose -3*w - 11 = -g, 3*g - c = -0*g + 5*w. Give t(g).
-6
Suppose -4*w - 7 = 13, -5*d + w + 10 = 0. Let o(x) = 7*x**2 - 8*x**2 + d + 0 - 2*x + x**3. What is o(2)?
1
Let h(i) = -6 + 14 + 4*i - 11 - 3*i. Determine h(7).
4
Let l(w) = -w**3 + 7*w**2 - 4*w. Let z(x) = x**3 + 13*x**2 + 8. Let d be z(-13). Suppose -d*s = -5*s - 18. What is l(s)?
12
Let g(w) = -w - 7. Suppose -7*v = -2*v - 20. Suppose 0 = v*i - 5*i - 6. Give g(i).
-1
Let j(y) be the third derivative of -y**5/60 - y**4/6 - y**3/3 - y**2. Let n(r) be the first derivative of j(r). Give n(-4).
4
Let v = 0 + 3. Let w(h) = -h + 3*h + h**2 - v + 0*h. Suppose 2*p = 5*x + 9, 7*p + 3 = 4*x + 2*p. What is w(x)?
0
Let f(i) = 4*i**3 + i. Suppose -o + 2*o = 5*v, 2*o + 5*v = 0. Suppose -4*p - 16 = o, 15 = n + 2*p - 6*p. Give f(n).
-5
Let t(i) = i**3 - i**2 + 1. Let k be t(0). Let a(n) = -n**2 + n. Let r(p) = -p**3 + 7*p**2 - 4*p - 2. Let j(x) = k*r(x) + 5*a(x). Determine j(2).
0
Let i = 7 - 3. Let o(z) = 2*z**3 + z - 3*z**3 + 2*z**3 - i*z**2. Determine o(4).
4
Suppose 0 = 2*o + 3*x - 26, 3*o + 2*x = x + 25. Let w = -4 + o. Let p(j) = 4*j**3 + 4*j - 2 - 3*j**w - 2*j**2 + 0*j**2 + 0*j. Calculate p(2).
6
Let h(s) be the first derivative of 3*s**2/2 - 3*s - 21. What is h(2)?
3
Let j(u) = -u - 1. Suppose z + 4*z = -n + 5, 4 = 4*z. Calculate j(n).
-1
Let q(k) be the second derivative of -1/6*k**3 + 0 - 5*k - 3*k**2. What is q(-3)?
-3
Suppose 4*q - 23 + 3 = 0. Let i = -1 + q. Let t(w) = -w**3 + 4*w**2 + w - 4. Give t(i).
0
Suppose 2 = 2*c - 6. Suppose c*j + 0*j - 16 = 0. Let y(a) = a**2 - 2*a - 5. Give y(j).
3
Let s(r) = -r**2. Let y = 15 + -14. Let p(o) = 9*o**2 - o. Let m(b) = y*s(b) - p(b). Suppose -25 = 5*w - 4*g, 3*g = -3*w + 6*g - 18. Calculate m(w).
-11
Suppose 3*z - 3*g + 0*g - 21 = 0, -14 = 3*z + 4*g. Let n(x) = 10*x - 8*x + 6 - 4. Give n(z).
6
Suppose 2*j - 6*j = -12, -5*j = -2*l - 35. Let n = 12 - 7. Let i = l + n. Let z(c) = c**3 + 6*c**2 + 7*c + 3. Determine z(i).
-7
Let m(f) = f - 6. Let j be m(5). Let p(x) = -3*x**2 - x - 1. Give p(j).
-3
Let p = -58 + 57. Let g(j) = -2*j - 1. Determine g(p).
1
Let d(t) = 2*t**2 - 3*t + 3. Let g(q) = q. Suppose -2*v - 3*v = -10. Let h(s) = v*g(s) - d(s). What is h(3)?
-6
Let w(t) = 2*t**2 - t. Suppose -5*k = -7*k + 16. Suppose -h = 2*v - 6 - 3, -2*h = -v - k. Give w(v).
6
Let i = 20 - 22. Let f(g) = -g**3 - 3*g**2 + 2*g + 1. What is f(i)?
-7
Suppose -11 = q - 3*c, q = -2*c + 4*c - 6. Let x(k) = -q*k + 5 - 2 + 3*k + 0. Let u be 1 + 2/((-4)/10). Calculate x(u).
7
Suppose 4*b - 3 = 7*b. Let a(m) = 3*m**3 - 2*m**2 + 1. Determine a(b).
-4
Let y be ((-3)/(-4))/(15/(-120)). Let g(w) = w - 2. Calculate g(y).
-8
Suppose 8 = 6*z - 4*z. Let g(h) = -4*h**2 + 3*h**2 + z + 3*h**2 - h**3 + h - 4*h**2. Let b be (3/(-2))/(1/2). Determine g(b).
10
Let w(t) = 3*t + 3. Let g(b) = 9*b - 40. Let n be g(5). Give w(n).
18
Suppose -v + 2*k + 11 = 0, -k + 5*k + 19 = v. Let w(h) = 14*h - 2 - 20*h + 9*h. Calculate w(v).
7
Let a = -13 + 19. Suppose 0 = -c + a*c - 40. Let o = c - 7. Let s(v) = 6*v**2 + v. Determine s(o).
7
Let c(b) be the third derivative of -b**6/120 + b**5/12 - b**4/12 - 2*b**3/3 + 2*b**2. Determine c(4).
4
Let s(g) be the second derivative of g**3/6 + 2*g**2 - g. Suppose 5*c = u - 11, 5*c + 0*u = 4*u + 1. Calculate s(c).
1
Let o(m) = m - 5. Let u(w) = -2*w + 10. Let t be u(7). Let s be -1 - (-4)/t - -2. Calculate o(s).
-5
Suppose 23 + 3 = 5*x + 4*k, k - 14 = -5*x. Let h(l) be the second derivative of -3/2*l**2 - x*l + 0 + 1/3*l**3. Give h(3).
3
Let q(j) = -j**2. Let m(y) = -13*y**2 + 3. Let x(l) = -l**2 + l + 1. Let w(n) = m(n) - 6*x(n). Let c(u) = -6*q(u) + w(u). Calculate c(-4).
5
Let x(v) = 7*v**2 + 7*v + 1. Let l(o) be the first derivative of -20*o**3/3 - 10*o**2 - 2*o - 1. Suppose -2 = -t - 19. Let k(p) = t*x(p) - 6*l(p). Give k(0).
-5
Let t(l) = 6*l**3 + 4*l**2 + l - 2. Let k(r) = -5*r**3 - 4*r**2 - r + 2. Let x(c) = 5*k(c) + 4*t(c). What is x(-3)?
-4
Let h(a) = 4*a + 8. Let u = -3 + -3. Give h(u).
-16
Suppose -2*o - 10 = 4*z, 0 = -0*o - 4*o + 3*z - 9. Let x(l) = -3*l - 3. What is x(o)?
6
Suppose 4*f - 4*i = 136, -182 + 41 = -4*f + 5*i. Suppose -2*j = 9 - f. Suppose 2*q + 0*q = -j. Let g(a) = a + 10. Calculate g(q).
5
Let h(c) be the second derivative of c**5/60 - c**4/6 + c**3/3 + c. Let j(f) be the second derivative of h(f). What is j(3)?
2
Let o = -16 + 12. Let x(a) = -3*a - 3. Calculate x(o).
9
Let d(h) = -h + 6. Let p(y) = -2 - 5 + 1 + 1. Let n(f) = 4*d(f) + 5*p(f). Let b(j) = j + 6. Let x be b(-5). Give n(x).
-5
Let v(r) = 8*r**2 - 1. Suppose 0 = 5*t + 5*w, 0*w = -4*t - w + 6. Determine v(t).
31
Suppose 6*g + 10 = 4*g. Let t = g + 0. Let j(f) = -3 + 5 + 0*f + 4 + f**2 + 6*f. Calculate j(t).
1
Let f be -1 + 1 - 1*-2. Let l(u) = u**3 - 4*u**2 - 4*u - 3. Let n be l(5). Let r(d) = d**f + d**2 - 6*d**n + 3*d + 3*d**2. Calculate r(3).
0
Let p(c) = c**3 + 5*c**2 + 3*c - 3. Let n be (-6)/(1 + 3/(-2)). Let s be n - (-5)/((-15)/6). Suppose 3*q + s = 2*f - 3, -11 = 5*q + 2*f. Give p(q).
6
Let l(u) = 11*u**2 + 5*u + 3. Let b(c) = 17*c**2 + 7*c + 4. Let a(o) = 5*b(o) - 7*l(o). Suppose 7*h - 5 = 2*h. Determine a(h).
7
Let y(a) be the first derivative of -a**5/120 + a**4/8 - 4*a**3/3 + 4. Let w(z) be the third derivative of y(z). Give w(6).
-3
Let f = -10 + 14. Let v(k) = -k + f*k + k. Let x(m) = -m**3 - 2*m**2 + 2*m - 2. Let w be x(-3). Calculate v(w).
4
Let l(d) = -d**2 - 3*d - 2. Let m(z) = -1. Let a(o) = -l(o) + 3*m(o). Let s be -6 + 7 + 1*(-4)/1. Give a(s).
-1
Suppose -2*l + 5 = 1. Suppose -j = -0*j - l. Let x(t) = -t - 8 + 2 - j. Give x(-4).
-4
Let q(w) = -4*w - 10. Let d(g) = -1. Let m(k) = -3*d(k) + q(k). Suppose 0 = -4*n - 20. Give m(n).
13
Suppose -4*b + 1 = -3*b. Suppose -3*z - b = -13. Let q(h) = -2*h + 7. Let u(i) = i - 3. Let n(d) = 2*q(d) + 5*u(d). Determine n(z).
3
Let y(g) be the third derivative of g**5/60 - g**4/4 + g**3/3 + 25*g**2. Give y(7).
9
Let j(u) be the first derivative of u**7/120 + u**3 + 4. Let a(n) be the third derivative of j(n). Determine a(1).
7
Let b(q) = -q**3 - 6*q**2 - q - 5. Let u be b(-6). Let w(v) = -u + 9*v + 3 + 0 - 3*v + v**2. Determine w(-6).
2
Suppose 42 = -10*l - 18. Let p(t) be the first derivative of t**3/3 + 3*t**2 + 8*t + 3. Give p(l).
8
Let l be 2 - 0 - 3 - 1. Let n be -2 + 4 + (-1 - l). Let z(b) = 2*b + 1 - 4*b + 1. Give z(n).
-4
Let o(t) be the first derivative of t**3/6 - 3*t**2 + t + 2. Let c(f) be the first derivative of o(f). Let h(a) = a**3 + a + 3. Let y be h(0). Calculate c(y).
-3
Let j(l) = l**2 - 3*l - 1. Suppose -g + 4 = g. Suppose n + 0*n - 5 = y, n = -g*y + 2. Suppose 6 - 35 = -n*h - 3*p, 0 = -3*h + 5*p. Give j(h).
9
Let t(x) = -7*x - 9. Let s(a) = -11*a - 14. Suppose 4*i = g - 21, 0 = 2*g + 2*g - 4. Let o(y) = i*s(y) + 8*t(y). What is o(-4)?
2
Let r(t) = -t + 11. Let d(m) = -m**3 + 5*m**2 + m + 3. Let h be d(5). Let z be r(h). Let s(p) = -p**z + 3*p - 3*p**2 + 4*p - 4*p + 3. Calculate s(-4).
7
Let c(f) be the third derivative of f**4/24 + 7*f**3/3 - 18*f**2. What is c(-8)?
6
Let d(a) be the first derivative of -a**3/3 + a**2/2 - 2*a - 9. What is d(2)?
-4
Let u(l) = -l**2 - 4*l + 3. Suppose 3*b + 1 = -2*s - 4, -b - 4*s = -5. Calculate u(b).
6
Let m = -3 - -5. Let c(h) = h + 4*h + h**m - 2 + 1. Deter